lculate the greatest common factor of 41 and 1.
1
What is the highest common factor of 38991 and 634?
317
Calculate the greatest common factor of 1404 and 36.
36
Calculate the greatest common divisor of 57 and 304.
19
Calculate the greatest common divisor of 288 and 9.
9
Calculate the greatest common divisor of 869 and 11.
11
Calculate the highest common divisor of 124 and 775.
31
Calculate the highest common divisor of 30 and 6585.
15
Calculate the highest common factor of 3723 and 438.
219
Calculate the highest common divisor of 154 and 196.
14
Calculate the highest common divisor of 923 and 13.
13
What is the highest common factor of 141 and 55272?
141
Calculate the greatest common divisor of 24 and 150.
6
Calculate the greatest common factor of 10989 and 594.
297
What is the greatest common factor of 2 and 117?
1
What is the highest common factor of 23130 and 90?
90
Calculate the highest common divisor of 10683 and 9.
9
Calculate the greatest common factor of 1566 and 54.
54
Calculate the greatest common factor of 16279 and 73.
73
Calculate the highest common factor of 560 and 14.
14
What is the greatest common factor of 11 and 641?
1
Calculate the greatest common factor of 616 and 231.
77
What is the highest common divisor of 30 and 843?
3
What is the highest common divisor of 14 and 56?
14
Calculate the highest common factor of 136 and 24.
8
Calculate the greatest common divisor of 1 and 5.
1
What is the greatest common divisor of 108 and 288?
36
Calculate the highest common factor of 37 and 74.
37
Calculate the highest common factor of 3618 and 108.
54
What is the highest common divisor of 88 and 308?
44
Calculate the highest common factor of 31861 and 151.
151
Calculate the highest common divisor of 416 and 224.
32
Calculate the highest common factor of 826 and 944.
118
Calculate the greatest common factor of 141 and 517.
47
Calculate the greatest common divisor of 164 and 3403.
41
What is the greatest common factor of 74 and 2?
2
What is the greatest common divisor of 10 and 490?
10
What is the highest common divisor of 112 and 63?
7
Calculate the greatest common factor of 3048 and 24.
24
What is the highest common factor of 350 and 20475?
175
What is the greatest common factor of 500 and 28?
4
Calculate the highest common divisor of 15 and 2865.
15
Calculate the greatest common divisor of 1121 and 2891.
59
Calculate the greatest common divisor of 756 and 714.
42
Calculate the highest common divisor of 355 and 4757.
71
What is the greatest common factor of 13140 and 20?
20
Calculate the highest common divisor of 304 and 19.
19
What is the highest common factor of 1147 and 37?
37
What is the greatest common factor of 42 and 112?
14
Calculate the highest common factor of 558 and 27.
9
Calculate the highest common divisor of 61 and 549.
61
What is the highest common divisor of 55 and 297?
11
What is the highest common factor of 2135 and 385?
35
What is the greatest common factor of 19340 and 40?
20
What is the highest common factor of 96 and 408?
24
What is the highest common factor of 57 and 24?
3
Calculate the highest common divisor of 44 and 1804.
44
What is the greatest common factor of 1914 and 66?
66
What is the highest common divisor of 230 and 92?
46
What is the highest common factor of 41100 and 150?
150
Calculate the highest common factor of 34 and 7939.
17
Calculate the greatest common divisor of 69 and 57.
3
Calculate the greatest common divisor of 130 and 26.
26
What is the highest common divisor of 16913 and 26?
13
Calculate the greatest common factor of 36 and 342.
18
What is the highest common factor of 13 and 923?
13
What is the greatest common factor of 582 and 174?
6
What is the highest common factor of 120 and 160?
40
What is the greatest common factor of 5510 and 145?
145
What is the highest common divisor of 5253 and 34?
17
Calculate the greatest common factor of 126 and 2898.
126
Calculate the greatest common divisor of 108 and 216.
108
Calculate the highest common factor of 196 and 826.
14
Calculate the highest common divisor of 40 and 2500.
20
Calculate the greatest common factor of 9 and 75.
3
Calculate the greatest common divisor of 1000 and 2840.
40
Calculate the highest common factor of 5088 and 159.
159
Calculate the greatest common divisor of 2680 and 80.
40
What is the highest common divisor of 770 and 1232?
154
Calculate the highest common factor of 1248 and 12.
12
What is the highest common divisor of 3781 and 398?
199
Calculate the highest common divisor of 546 and 2268.
42
What is the greatest common factor of 3618 and 54?
54
What is the highest common factor of 17 and 391?
17
What is the greatest common divisor of 91 and 117?
13
Calculate the greatest common divisor of 196 and 68.
4
What is the highest common factor of 17568 and 216?
72
What is the highest common factor of 300 and 96?
12
What is the highest common factor of 644 and 112?
28
What is the greatest common divisor of 3239 and 41?
41
Calculate the highest common divisor of 119 and 4267.
17
Calculate the highest common divisor of 58 and 5.
1
What is the highest common divisor of 8 and 536?
8
What is the highest common divisor of 702 and 13?
13
Calculate the highest common divisor of 172 and 946.
86
What is the greatest common divisor of 648 and 24?
24
Calculate the highest common factor of 300 and 2220.
60
Calculate the greatest common divisor of 1561 and 7.
7
What is the highest common divisor of 60 and 3030?
30
Calculate the greatest common divisor of 122 and 183.
61
Calculate the greatest common divisor of 72560 and 80.
80
What is the greatest common divisor of 425 and 34?
17
What is the greatest common divisor of 39 and 3237?
39
Calculate the greatest common divisor of 1105 and 65.
65
Calculate the greatest common divisor of 3400 and 320.
40
Calculate the greatest common divisor of 7928 and 20.
4
Calculate the highest common factor of 18 and 174.
6
What is the greatest common factor of 118 and 590?
118
What is the greatest common divisor of 54 and 150?
6
Calculate the highest common factor of 396 and 84.
12
Calculate the greatest common divisor of 20 and 28.
4
Calculate the highest common factor of 195 and 165.
15
What is the highest common factor of 8769 and 222?
111
Calculate the highest common factor of 377 and 1305.
29
Calculate the highest common divisor of 245 and 385.
35
What is the greatest common divisor of 35 and 45?
5
What is the greatest common divisor of 434 and 3689?
217
Calculate the greatest common factor of 164 and 2378.
82
Calculate the greatest common factor of 304 and 464.
16
What is the highest common factor of 285 and 780?
15
What is the highest common divisor of 16 and 464?
16
What is the highest common divisor of 87 and 203?
29
What is the highest common divisor of 357 and 2091?
51
What is the greatest common factor of 9222 and 435?
87
Calculate the greatest common factor of 2629 and 11.
11
Calculate the greatest common divisor of 297 and 528.
33
What is the highest common divisor of 888 and 20202?
222
What is the highest common factor of 816 and 1938?
102
What is the greatest common divisor of 3 and 67?
1
Calculate the greatest common factor of 415 and 360.
5
Calculate the highest common factor of 6 and 6.
6
Calculate the highest common factor of 517 and 47.
47
What is the greatest common divisor of 90 and 11430?
90
Calculate the greatest common factor of 192 and 25824.
96
Calculate the highest common divisor of 578 and 4964.
34
What is the greatest common divisor of 172 and 10277?
43
What is the greatest common factor of 25466 and 17?
17
Calculate the greatest common factor of 34365 and 145.
145
What is the greatest common divisor of 274 and 4?
2
Calculate the highest common factor of 13 and 1833.
13
What is the highest common factor of 92 and 436?
4
Calculate the highest common factor of 2068 and 22.
22
What is the highest common divisor of 101 and 85951?
101
Calculate the highest common factor of 4991 and 69.
23
What is the greatest common divisor of 54 and 36?
18
Calculate the greatest common divisor of 3038 and 248.
62
What is the greatest common divisor of 32 and 248?
8
Calculate the greatest common factor of 3010 and 70.
70
What is the greatest common divisor of 2480 and 80?
80
Calculate the highest co